15) to base 14
22c2c25
Convert -19047 (base 13) to base 6.
-1012013
-111101010001001000001 (base 2) to base 7
-23031053
What is 3254879 (base 10) in base 9?
6110762
36370 (base 11) to base 3
2122210212
What is -21211112121 (base 3) in base 4?
-211221211
What is -3110165 (base 8) in base 15?
-113e93
What is 10f66 (base 16) in base 4?
100331212
135350546 (base 7) to base 16
87986c
101231421 (base 5) to base 11
26355a
Convert 212032100 (base 4) to base 2.
100110001110010000
What is -44230212 (base 6) in base 10?
-1325888
What is 5991895 (base 10) in base 14?
b1d8c7
-308847 (base 10) to base 13
-aa766
-32233141 (base 5) to base 12
-1127b7
What is -4134334 (base 5) in base 9?
-113360
-111010011011000111101 (base 2) to base 3
-10121021002210
70256 (base 9) to base 11
31736
What is -12531150 (base 6) in base 9?
-704043
-33303021022 (base 4) to base 14
-79b4b8
Convert 10101101110000110110 (base 2) to base 7.
6023012
1083035 (base 9) to base 3
1002210001012
What is 7861a (base 11) in base 13?
3cab2
320523 (base 7) to base 10
55485
What is -1127160 (base 10) in base 7?
-12403116
Convert -3201 (base 9) to base 13.
-10ba
86269 (base 12) to base 13
62517
What is -44a81 (base 13) in base 3?
-20100020020
Convert 122256 (base 8) to base 16.
a4ae
What is -b6321b (base 16) in base 15?
-10acd54
What is cd271a (base 16) in base 15?
12a8a10
4dfe1 (base 16) to base 2
1001101111111100001
Convert 11111000110111001 (base 2) to base 9.
213704
Convert 1c83d (base 14) to base 3.
10201002111
Convert -567b6 (base 13) to base 9.
-258718
-20055 (base 13) to base 10
-57192
Convert -11230230 (base 5) to base 9.
-164746
-5484a (base 11) to base 3
-11001010100
What is 11101011011100100111 (base 2) in base 11?
5a961a
Convert -138094 (base 12) to base 6.
-10544304
What is -136355b (base 12) in base 6?
-214443355
What is -90811 (base 11) in base 6?
-2502325
What is -809a1 (base 16) in base 3?
-222202120101
What is 1b8882 (base 16) in base 11?
1022760
Convert 440032 (base 7) to base 15.
17b8a
-1130331233 (base 4) to base 5
-44141113
3535131 (base 6) to base 8
547077
-111023123322 (base 4) to base 5
-2410124431
What is -1206416 (base 7) in base 4?
-211132322
Convert 100133103230 (base 4) to base 9.
8117362
-19a6205 (base 12) to base 6
-312401205
What is -208366 (base 9) in base 7?
-1025124
-766233 (base 10) to base 6
-24231213
What is -266409 (base 12) in base 15?
-c7873
10790da (base 15) to base 3
211011021001121
Convert -114291 (base 10) to base 12.
-56183
What is -4404022412 (base 5) in base 15?
-c66b8c
What is -167b8a (base 13) in base 9?
-1043164
Convert -10121002001 (base 3) to base 11.
-49195
Convert 265045 (base 9) to base 7.
1240553
What is -3b05c (base 13) in base 5?
-12004202
Convert -3a67a4 (base 15) to base 12.
-b3406a
-c0879 (base 13) to base 8
-1240170
-150011140 (base 6) to base 10
-3080868
10110000001111110 (base 2) to base 6
1533434
Convert 403443302 (base 5) to base 6.
54454203
Convert 1344636 (base 8) to base 5.
44114134
Convert 95611 (base 13) to base 11.
174172
-36806 (base 13) to base 4
-120131333
-8824088 (base 9) to base 12
-17070b2
What is -331141 (base 11) in base 3?
-222212001210
What is -11011001000101100111 (base 2) in base 16?
-d9167
What is 101011001001010100011 (base 2) in base 3?
2122211100210
What is 7077a (base 11) in base 7?
610343
What is -1358874 (base 9) in base 10?
-747940
What is -276b93 (base 13) in base 3?
-1210122200102
Convert -122211220102 (base 3) to base 10.
-351308
What is -5005400 (base 6) in base 4?
-321100020
12162565 (base 9) to base 16
5abb4c
-11010111010111001 (base 2) to base 13
-3b25c
What is 11110121010021 (base 3) in base 9?
4417107
Convert -344a8c1 (base 13) to base 3.
-1010022010121100
What is 2022200201111 (base 3) in base 9?
2280644
Convert -1551512 (base 7) to base 3.
-101212221112
What is -104210330 (base 5) in base 6?
-13510014
What is 22786c (base 13) in base 8?
3072621
What is 374950 (base 13) in base 8?
5032224
What is 2a49b4 (base 12) in base 13?
1bc916
-50ca5 (base 13) to base 9
-240765
740248 (base 11) to base 7
13040232
-13104552 (base 6) to base 4
-1220223110
Convert 57a02a (base 11) to base 3.
1201210111020
What is -15736432 (base 9) in base 10?
-7877927
102101122020022 (base 3) to base 10
6055244
What is 77f45 (base 16) in base 13?
14283b
What is 769957 (base 12) in base 5?
440230110
What is -2022020201 (base 3) in base 9?
-68221
-c05da (base 15) to base 3
-1010221011021
Convert -3732054 (base 8) to base 3.
-1221021202012
11100011110100011010100 (base 2) to base 10
7465172
Convert -4ab550 (base 16) to base 8.
-22532520
What is 287753 (base 9) in base 13?
6232b
What is -100210220221 (base 4) in base 10?
-4344361
Convert -11010221110 (base 3) to base 16.
-13ec6
34439 (base 14) to base 3
20110021220
9c085 (base 16) to base 3
1012110200201
What is -339547 (base 11) in base 9?
-1012308
Convert -243206446 (base 7) to base 5.
-12343300443
What is 2313302402 (base 5) in base 12?
18b4844
What is -1586153 (base 9) in base 13?
-24c2b2
What is -113112131 (base 4) in base 2?
-10111010110011101
What is 150641 (base 8) in base 5?
3204130
Convert -128033a (base 14) to base 2.
-100010000000000100000000
Convert -41562324 (base 8) to base 6.
-513251444
Convert 1110000110110011 (base 2) to base 16.
e1b3
What is 17008 (base 16) in base 4?
113000020
Convert 510758 (base 11) to base 15.
113306
Convert 18887a (base 11) to base 5.
33234012
Convert -2045001 (base 7) to base 11.
-159319
What is -346252 (base 11) in base 15?
-ace6c
What is 86579 (base 16) in base 7?
4451162
What is 1111111100100110000101 (base 2) in base 12?
1497231
Convert 115560454 (base 7) to base 15.
98a97a
Convert 445505 (base 8) to base 13.
53579
236556 (base 8) to base 11
56065
Convert -a9352 (base 13) to base 2.
-1001010101100100101
What is 313318 (base 9) in base 4?
231130223
Convert -579c6 (base 15) to base 16.
-441b1
What is -14b9134 (base 12) in base 16?
-407878
Convert 3b2995 (base 13) to base 12.
591ab3
-9e677 (base 15) to base 14
-d1b21
-3667457 (base 8) to base 14
-1c48a3
-604609 (base 11) to base 12
-3aa865
Convert -100001101110101101 (base 2) to base 12.
-67b51
What is 50a81b (base 16) in base 13?
1130c7b
Convert -101111110011010101010001 (base 2) to base 11.
-7089821
What is -1112220022002 (base 3) in base 16?
-c958d
Convert -633093 (base 11) to base 10.
-1014324
What is -131120332 (base 4) in base 13?
-42a42
Convert 22991 (base 12) to base 14.
12c57
Convert -2064364 (base 11) to base 8.
-15676765
What is -511a564 (base 11) in base 5?
-4304004412
Convert -10153412 (base 8) to base 13.
-5a47c0
What is -21211121222021 (base 3) in base 13?
-b2acb0
What is 100011001000010100000 (base 2) in base 11?
716958
What is 90499 (base 10) in base 15?
1bc34
What is -235e8f (base 16) in base 9?
-4322578
Convert 71018 (base 16) to base 11.
296843
285467 (base 13) to base 8
3577444
Convert 46373 (base 12) to base 3.
11202201020
Convert -8661 (base 14) to base 10.
-23213
-1427753 (base 12) to base 14
-770b83
Convert -1031310100 (base 4) to base 8.
-1156420
Convert 5440632 (base 7) to base 9.
1223666
2a427 (base 11) to base 3
2012010111
-2222222000100 (base 3) to base 15
-2172a3
Convert -478937 (base 13) to base 9.
-3176702
-1c9db (base 14) to base 2
-10001111001010101
What is 3de75b (base 15) in base 9?
5548775
111121220010 (base 3) to base 4
1001132202
What is -10101000001011010100 (base 2) in base 16?
-a82d4
What is 13264a (base 12) in base 2?
1001101000000011010
Convert -3103003320 (base 4) to base 10.
-864504
What is 1101001010111000111 (base 2) in base 8?
1512707
1001100111100100001 (base 2) to base 15
635b4
What is -10415053 (base 7) in base 16?
-da7cd
Convert 55604541 (base 7) to base 4.
102111330000
-307d79 (base 15) to base 2
-1000110010101100010101
-81c65f (base 16) to base 13
-19ba202
Convert 53345402 (base 6) to base 13.
42c440
123011423 (base 6) to base 4
21011111013
Convert -1057ac7 (base 13) to base 12.
-1805aa6
2701632 (base 8) to base 6
24101242
100110000100110110100011 (base 2) to base 9
20702745
What is 209796 (base 14) in base 3?
2001222110012
-a03cc (base 14) to base 12
-166914
Convert -135431551 (base 6) to base 15.
-3a119d
25143010 (base 6) to base 2
11000100111101101110
Convert -2bc38 (base 15) to base 2.
-100010011101001000
What is 435312 